ivided by n(4)?
5
Let j be (-214)/(-12) - (-4)/24. Let m = j - -18. Suppose -5*o + m = -o. Calculate the remainder when o is divided by 5.
4
Suppose 7 + 9 = 2*s. What is the remainder when s is divided by 5?
3
Let f = 6 - 2. Calculate the remainder when 13 is divided by f.
1
Let d be (2/3)/((-4)/36). Let q = d + 7. Calculate the remainder when (q/3)/(2/42) is divided by 3.
1
Suppose 0 = 2*k - 6*k + 100. Suppose 3*r = -1 + k. What is the remainder when r is divided by (6/(-3))/(4/(-10))?
3
Let f = -13 + 17. Suppose -6*j = -3*j - 15. Let u = j - f. Calculate the remainder when 2 is divided by u.
0
Suppose -2*s = -3*s + 3. Let i be s/(-9) + 26/6. Suppose 22 = 2*t - i. What is the remainder when t is divided by 7?
6
Let w(c) = -c**3 + 6*c**2 + 5*c + 3. Let a be w(6). Suppose g + 13 = a. Suppose 12 = 4*m - g. Calculate the remainder when 14 is divided by m.
6
Let k(d) = d + 1. Let j(s) = -2*s. Let b be (-5)/5 - (0 + 0). Let f be j(b). Calculate the remainder when 5 is divided by k(f).
2
Let m = -31 - -74. What is the remainder when m is divided by 15?
13
What is the remainder when 19 is divided by (-1)/3 - 442/(-39)?
8
What is the remainder when 110 is divided by (-3 - -2)/(5/(-140))?
26
Let p be (-2)/3 - 6/(-9). Suppose p = -3*r - 2*r + 20. Suppose -r*j = -50 - 14. Calculate the remainder when 31 is divided by j.
15
Let y(h) = 4*h**2 - 4*h - 3. Calculate the remainder when y(-2) is divided by 1/((-26)/(-24) + -1).
9
Suppose -5*q = -117 - 253. Calculate the remainder when q is divided by 19.
17
Suppose 3*m - 93 = -a, m + a = -a + 31. Calculate the remainder when m is divided by 8.
7
Let b(w) = w**2 - 8*w - 2. Let i be b(6). Let p be (-4)/i + (-2580)/(-35). Suppose g - 3*g = -p. What is the remainder when g is divided by 19?
18
Suppose 4*c = -7 + 15. What is the remainder when c is divided by 2?
0
Suppose -5*p + 2*g + 133 = 0, 4*p + g = 55 + 54. What is the remainder when p is divided by 5?
2
Let o = 196 - 63. Calculate the remainder when o is divided by 34.
31
Let g be -2 - -4 - 4 - -2. Suppose -h = -g*h + 3. Let r(p) = p**3 + 8*p**2 + 3*p - 4. What is the remainder when r(h) is divided by 17?
15
Suppose s + 220 = 4*g - 0*s, 0 = s. Suppose g = 4*m + 3. What is the remainder when m is divided by (-17)/(-3) + 6/(-9)?
3
Let v(q) = 4*q - 2. Suppose -u - 2 = -4. Suppose 5*t + u*l = -2*l + 139, 0 = -2*l + 2. What is the remainder when t is divided by v(4)?
13
Let r = 6 + -3. Let x(b) = 15*b - 2. Calculate the remainder when x(r) is divided by 15.
13
Let j = -5 - -8. Calculate the remainder when j is divided by (-14)/(-8) + 2/8.
1
Let m(p) be the second derivative of p**5/20 - p**4/3 - p**3/6 - 7*p**2/2 - 2*p. Calculate the remainder when m(5) is divided by 2 - (20/2)/(-2).
6
Let s(b) = b**3 - 5*b**2 + 6. Suppose 6*i - 4*i = 0. Suppose i = -w + 1 + 3. What is the remainder when s(5) is divided by w?
2
Suppose 0 = 4*b - 24 + 4, 4*h + 5*b = 53. Calculate the remainder when 38 is divided by h.
3
Let u(j) = 3 + j**2 - 3*j + 3*j. What is the remainder when -5 + 9/(18/122) is divided by u(4)?
18
Suppose 0 = 4*p - 103 + 507. Let s = p - -147. What is the remainder when s is divided by 12?
10
Let i be 2 + -3 - (235 + -2). What is the remainder when 48 is divided by 4/14 + i/(-14)?
14
Let w be (-12 + 0)*(-6)/1. Suppose -w = -2*d + 6. Calculate the remainder when d is divided by 10.
9
Let c(u) = 4*u**2 - 3*u. What is the remainder when c(2) is divided by 4?
2
Let l be ((-34)/4)/(3/(-6)). What is the remainder when 2/(-5) + l/5 is divided by 2?
1
Let s = 44 - 15. What is the remainder when s is divided by 16?
13
Let x = 108 - 94. Calculate the remainder when 37 is divided by x.
9
Suppose 1 = -w + 5*a - 19, -2*a = -4*w - 98. Let c = w + 37. Suppose d - 136 = -4*g + 5*d, 2*g = -2*d + 72. Calculate the remainder when g is divided by c.
11
Let n(b) be the first derivative of 2*b**3/3 + b**2 + b + 1. What is the remainder when 37 is divided by n(-3)?
11
Let v(m) = -m - 2. Let s(x) = x**2 - 6*x + 1. Let w be s(5). Let n be v(w). What is the remainder when 49 is divided by 2 - n/((-6)/45)?
15
Suppose 0 = -w + 3*w + 3*q, 2*w = -q. Let t = 3 + -18. What is the remainder when 25 is divided by w - (1 - -1) - t?
12
Let z(b) = 10*b**2 + b + 1. Let x be z(2). Suppose 0 = 2*d - x + 5. Calculate the remainder when 55 is divided by d.
17
Suppose u - 4*u = -48. What is the remainder when u is divided by 6?
4
Let r(l) = -l**2 + 6*l - 6. Let p be r(5). Let x(g) = -9*g**3 - 2*g**2 + 1. Calculate the remainder when 22 is divided by x(p).
6
Let o = -97 + 135. What is the remainder when 227 is divided by o?
37
Let r(i) = -i**3 + 7*i**2 - 5*i + 10. What is the remainder when r(5) is divided by 19?
16
Suppose 5*n - 34 = 51. What is the remainder when (13 + (2 - 5))*5 is divided by n?
16
Let g be 3/21 - (-186)/21. Let r = g - -11. Let d = 33 + 5. What is the remainder when d is divided by r?
18
Let l(k) = -k**3 + 4*k**2 - 9*k + 9. Let n(q) = 5*q**3 - 16*q**2 + 37*q - 37. Let v(m) = 9*l(m) + 2*n(m). What is the remainder when 50 is divided by v(-5)?
16
Let y = 143 - 86. What is the remainder when y is divided by 20?
17
Let p = -46 + 30. Calculate the remainder when (1/(-1))/(4/p) is divided by 2.
0
Let n(w) = -5*w - 6. Let f be n(-4). Let y = -4 - f. Let i = -2 - y. What is the remainder when 46 is divided by i?
14
Suppose 0*b = 2*b + k + 5, 3*b = 3*k + 15. Let y(z) = z + 19. Let f be y(b). Suppose 3*s + 7 - f = 0. Calculate the remainder when 11 is divided by s.
3
Let k = 62 + -40. Calculate the remainder when 65 is divided by k.
21
Let j = -23 - -33. What is the remainder when j is divided by 6?
4
Let y(u) = -u**2 - 8*u - 12. Let j(b) = -4*b**3 + b + 1. Let f be (2/(-6))/(1/3). Calculate the remainder when j(f) is divided by y(-5).
1
Suppose 168 = 6*l + l. Suppose b = -2*r + 2*b + 19, 4*r = -3*b + 33. What is the remainder when l is divided by r?
6
Let b = 29 + -23. Calculate the remainder when 20 is divided by b.
2
Let v be 8/10*5/2. Let n(p) = 10 - v + 0*p + p. Calculate the remainder when n(6) is divided by 8.
6
Let n = 61 - 48. Calculate the remainder when 88 is divided by n.
10
Suppose u - 3*h - 30 = 0, u + 0*u - 5*h - 40 = 0. Let y(t) = t**3 + 9*t**2 + 6. Calculate the remainder when u is divided by y(-9).
3
Let o = -10 - -30. Suppose d - v - o = v, -2*d - 3*v + 33 = 0. What is the remainder when 26 is divided by (0 - d)*(-1)/2?
8
Let u(a) = -12*a - 6. Let c(w) = -4*w - 2. Let f(g) = -11*c(g) + 4*u(g). Let n be f(2). Calculate the remainder when (-27)/(-15) - 2/n is divided by 2.
0
Suppose -30 = -4*v - v - 3*o, -3*o - 18 = -3*v. What is the remainder when 21 is divided by v?
3
Suppose 4*i + 40 = 2*q, 4*q = -2*i + i + 62. Suppose -180 = -4*v + 4. What is the remainder when v is divided by q?
14
Let d = 24 + 1. Let o(t) = -2*t**3 - 3*t**2 - t - 2. Let l be o(-2). Suppose 2*x + l*b = 34, -4*b + 8 = -0*b. Calculate the remainder when d is divided by x.
12
Let n = -11 - -16. Let y(i) = i**3 - 3*i**2 - 5*i - 6. Let j be y(n). Let a = -11 + j. Calculate the remainder when 13 is divided by a.
5
Let d(t) = t**2 - 6*t - 3. Let h be d(7). Let i = 8 - 4. Suppose i*x = 3*x + h. What is the remainder when 10 is divided by x?
2
Let t = 112 + -65. Let a(m) be the third derivative of -m**6/120 - m**5/30 + m**4/6 + 3*m**2. What is the remainder when t is divided by a(-4)?
15
Let t = -2 - -7. Suppose -45 - 47 = -2*x + 2*m, -t*m - 15 = 0. Suppose 21 + 24 = 3*d. Calculate the remainder when x is divided by d.
13
Let t be 0 + (-1 - -2) - 1. Suppose 0 = -2*v + 4*s + 14, t*s = 3*v + s - 35. What is the remainder when 123/4 + (-2)/(-8) is divided by v?
9
Calculate the remainder when 1446/21 - (-1)/7 is divided by 14.
13
Suppose 33 = 3*w + 3*i, w - 4*i - 20 = -3*w. What is the remainder when w is divided by 3?
2
Suppose 2 = -3*k - 4. Suppose 2*y + 468 = -4*p, -2*p + 7*p = 15. Calculate the remainder when (k/4)/(5/y) is divided by 13.
11
Let v be (6/15)/(1/15). What is the remainder when v*(1 + -1 + 3) is divided by 5 + 8/(-32)*-20?
8
Suppose -4*v - 8 = g, 6 = -2*g - 4*v - 2. Suppose g = -4*c - 9 + 61. Let h = c - -7. What is the remainder when 58 is divided by h?
18
Suppose 3*d + 75 = -2*d. Let m = -10 - d. Suppose -27 = -m*j - 2. What is the remainder when 14 is divided by j?
4
Calculate the remainder whe